{"id":244,"date":"2024-07-09T13:07:33","date_gmt":"2024-07-09T11:07:33","guid":{"rendered":"https:\/\/atoutdiagexpertise.com\/?page_id=244"},"modified":"2024-07-09T13:14:22","modified_gmt":"2024-07-09T11:14:22","slug":"legislation","status":"publish","type":"page","link":"https:\/\/atoutdiagexpertise.com\/index.php\/legislation\/","title":{"rendered":"LEGISLATION"},"content":{"rendered":"\n<div class=\"wp-block-cover alignfull has-parallax\" style=\"min-height:90px;aspect-ratio:unset;\"><span aria-hidden=\"true\" class=\"wp-block-cover__background has-background-dim\" style=\"background-color:#4f5d9c\"><\/span><div class=\"wp-block-cover__image-background wp-image-200 has-parallax\" style=\"background-position:50% 50%;background-image:url(http:\/\/atoutdiagexpertise.com\/wp-content\/uploads\/2024\/07\/th-1.jpg)\"><\/div><div class=\"wp-block-cover__inner-container is-layout-constrained wp-block-cover-is-layout-constrained\">\n<p class=\"has-text-align-center has-white-color has-text-color has-link-color has-x-large-font-size wp-elements-f4c48587babb05848717bfa877d8826d\" style=\"font-style:normal;font-weight:500\">IMP\u00c9RATIFS LEGAUX<\/p>\n<\/div><\/div>\n\n\n\n<div style=\"height:24px\" aria-hidden=\"true\" class=\"wp-block-spacer\"><\/div>\n\n\n\n<p class=\"has-medium-font-size\">Afin de garantir le bon d\u00e9roulement de la transaction\/location et en pr\u00e9vention des litiges qui pourraient \u00e9ventuellement survenir, un certain nombre d\u2019obligations doivent \u00eatre respect\u00e9es par le vendeur\/bayeurs: maison individuelle, appartement, terrain\u2026<\/p>\n\n\n\n<div class=\"wp-block-columns alignwide is-layout-flex wp-container-core-columns-is-layout-829b1d53 wp-block-columns-is-layout-flex\" style=\"margin-bottom:0\">\n<div class=\"wp-block-column has-text-color has-background has-link-color wp-elements-819ddfe506336ec62137b5e4a126db8b is-layout-flow wp-block-column-is-layout-flow\" style=\"color:#000000;background-color:#7ed95796;padding-top:2em;padding-right:2em;padding-bottom:2em;padding-left:2em\">\n<h2 class=\"wp-block-heading\" id=\"single\" style=\"font-size:40px\"><strong>LOCATION<\/strong><\/h2>\n\n\n\n<p class=\"has-normal-font-size\" style=\"line-height:1.5\"><strong>Lorsqu\u2019un locataire s\u2019installe dans un logement, le propri\u00e9taire bailleur doit joindre au contrat de location un&nbsp;<strong>DDT<\/strong>, dossier de diagnostic technique<\/strong> <strong>complet<\/strong> <strong>selon<\/strong>:<\/p>\n\n\n\n<hr class=\"wp-block-separator has-text-color has-css-opacity has-background is-style-wide\" style=\"background-color:#000000;color:#000000\"\/>\n\n\n\n<ul class=\"has-normal-font-size wp-block-list\">\n<li>l&rsquo;ann\u00e9e de constriction<\/li>\n\n\n\n<li>l&rsquo;anciennet\u00e9 des installations (ex: installation gaz\/\u00e9lectrique de + de 15ans)<\/li>\n\n\n\n<li><\/li>\n<\/ul>\n\n\n\n<p class=\"has-normal-font-size\" style=\"line-height:1.5\">L&rsquo;ensemble des diagnostics sont attendus hormis le diagnostic termites.<\/p>\n\n\n\n<div class=\"wp-block-buttons alignfull is-horizontal is-content-justification-center is-layout-flex wp-container-core-buttons-is-layout-499968f5 wp-block-buttons-is-layout-flex\">\n<div class=\"wp-block-button\"><a class=\"wp-block-button__link has-white-color has-text-color has-background has-link-color wp-element-button\" href=\"https:\/\/atoutdiagexpertise.com\/index.php\/contact\/\" style=\"background-color:#ff914d\">PRENDRE RDV<\/a><\/div>\n<\/div>\n<\/div>\n\n\n\n<div class=\"wp-block-column has-text-color has-background has-link-color wp-elements-cdd21bb4dcfd8e10e95cd2a0c12737df is-layout-flow wp-block-column-is-layout-flow\" style=\"color:#000000;background-color:#5271ff7a;padding-top:2em;padding-right:2em;padding-bottom:2em;padding-left:2em\">\n<h2 class=\"wp-block-heading\" id=\"patron\" style=\"font-size:40px\"><strong>VENTE<\/strong><\/h2>\n\n\n\n<p class=\"has-normal-font-size\"><strong>Le vendeur doit remettre \u00e0 l&rsquo;acqu\u00e9reur les diagnostics relatifs au bien ou de la copropri\u00e9t\u00e9 selon:<\/strong><\/p>\n\n\n\n<hr class=\"wp-block-separator has-css-opacity is-style-wide\"\/>\n\n\n\n<ul class=\"has-normal-font-size wp-block-list\">\n<li>le type de bien<\/li>\n\n\n\n<li>l&rsquo;ann\u00e9e de construction<\/li>\n\n\n\n<li>les d\u00e9crets existants sur le secteur (ex: d\u00e9cret m\u00e9rule)<\/li>\n\n\n\n<li>ainsi que les diagnostics ant\u00e9rieurs<\/li>\n<\/ul>\n\n\n\n<div class=\"wp-block-buttons alignfull is-horizontal is-content-justification-center is-layout-flex wp-container-core-buttons-is-layout-499968f5 wp-block-buttons-is-layout-flex\">\n<div class=\"wp-block-button\"><a class=\"wp-block-button__link has-white-color has-text-color has-background has-link-color wp-element-button\" href=\"https:\/\/atoutdiagexpertise.com\/index.php\/contact\/\" style=\"background-color:#ff914d\">PRENDRE RDV<\/a><\/div>\n<\/div>\n<\/div>\n<\/div>\n","protected":false},"excerpt":{"rendered":"<p>Afin de garantir le bon d\u00e9roulement de la transaction\/location et en pr\u00e9vention des litiges qui pourraient \u00e9ventuellement survenir, un certain nombre d\u2019obligations doivent \u00eatre respect\u00e9es par le vendeur\/bayeurs: maison individuelle, appartement, terrain\u2026 LOCATION Lorsqu\u2019un locataire s\u2019installe dans un logement, le propri\u00e9taire bailleur doit joindre au contrat de location un&nbsp;DDT, dossier de diagnostic technique complet selon: [&hellip;]<\/p>\n","protected":false},"author":1,"featured_media":0,"parent":0,"menu_order":0,"comment_status":"closed","ping_status":"closed","template":"","meta":{"_kadence_starter_templates_imported_post":false,"_ti_tpc_template_sync":false,"_ti_tpc_template_id":"","footnotes":""},"class_list":["post-244","page","type-page","status-publish","hentry","entry"],"_links":{"self":[{"href":"https:\/\/atoutdiagexpertise.com\/index.php\/wp-json\/wp\/v2\/pages\/244","targetHints":{"allow":["GET"]}}],"collection":[{"href":"https:\/\/atoutdiagexpertise.com\/index.php\/wp-json\/wp\/v2\/pages"}],"about":[{"href":"https:\/\/atoutdiagexpertise.com\/index.php\/wp-json\/wp\/v2\/types\/page"}],"author":[{"embeddable":true,"href":"https:\/\/atoutdiagexpertise.com\/index.php\/wp-json\/wp\/v2\/users\/1"}],"replies":[{"embeddable":true,"href":"https:\/\/atoutdiagexpertise.com\/index.php\/wp-json\/wp\/v2\/comments?post=244"}],"version-history":[{"count":7,"href":"https:\/\/atoutdiagexpertise.com\/index.php\/wp-json\/wp\/v2\/pages\/244\/revisions"}],"predecessor-version":[{"id":268,"href":"https:\/\/atoutdiagexpertise.com\/index.php\/wp-json\/wp\/v2\/pages\/244\/revisions\/268"}],"wp:attachment":[{"href":"https:\/\/atoutdiagexpertise.com\/index.php\/wp-json\/wp\/v2\/media?parent=244"}],"curies":[{"name":"wp","href":"https:\/\/api.w.org\/{rel}","templated":true}]}}