{"id":54,"date":"2024-06-26T17:42:48","date_gmt":"2024-06-26T15:42:48","guid":{"rendered":"https:\/\/atoutdiagexpertise.com\/?page_id=54"},"modified":"2024-06-27T10:33:57","modified_gmt":"2024-06-27T08:33:57","slug":"diagnostic-gaz","status":"publish","type":"page","link":"https:\/\/atoutdiagexpertise.com\/index.php\/diagnostic-gaz\/","title":{"rendered":"Diagnostic GAZ"},"content":{"rendered":"\n<h1 class=\"wp-block-heading has-text-align-center has-neve-text-color-color has-text-color\">Diagnostic GAZ<\/h1>\n\n\n\n<p>L&rsquo;\u00e9tat de l&rsquo;installation int\u00e9rieure de gaz, aussi appel\u00e9&nbsp;<em>diagnostic gaz<\/em>, est un diagnostic qui donne un aper\u00e7u de la s\u00e9curit\u00e9 des installations de gaz dans les logements. Votre logement est concern\u00e9 si l&rsquo;installation de gaz a plus de 15 ans. Le diagnostic doit \u00eatre int\u00e9gr\u00e9 au dossier de diagnostic technique (DDT). Le DDT doit \u00eatre remis \u00e0 l&rsquo;acqu\u00e9reur ou au locataire en cas de vente ou location d&rsquo;un logement.<\/p>\n\n\n\n<p>Il permet d\u2019\u00e9valuer les risques pouvant mettre en danger la s\u00e9curit\u00e9 des personnes et leurs biens.<\/p>\n\n\n\n<p>Le vendeur doit faire r\u00e9aliser ce diagnostic par un professionnel certifi\u00e9.<\/p>\n\n\n\n<p>Le diagnostiqueur doit r\u00e9aliser plusieurs points de contr\u00f4le qui permettrons de v\u00e9rifier&nbsp;:<\/p>\n\n\n\n<ul class=\"wp-block-list\">\n<li><strong>S\u00e9curit\u00e9 des installations<\/strong>&nbsp;: Le diagnostiqueur examine la s\u00e9curit\u00e9 de l\u2019installation de gaz, en mettant l\u2019accent sur la pr\u00e9vention des risques potentiels.<\/li>\n\n\n\n<li><strong>Conformit\u00e9<\/strong>&nbsp;: Il v\u00e9rifie si l\u2019installation respecte les normes et r\u00e9glementations en vigueur.<\/li>\n\n\n\n<li><strong>Points-cl\u00e9s<\/strong>&nbsp;: Le diagnostic fournit un \u00e9tat des points-cl\u00e9s de la s\u00e9curit\u00e9 de l\u2019installation int\u00e9rieure au gaz.<\/li>\n<\/ul>\n\n\n\n<div class=\"wp-block-cover alignfull\" style=\"min-height:560px;aspect-ratio:unset;\"><span aria-hidden=\"true\" class=\"wp-block-cover__background has-background-dim-20 has-background-dim\" style=\"background-color:#575c69\"><\/span><img fetchpriority=\"high\" decoding=\"async\" width=\"601\" height=\"430\" class=\"wp-block-cover__image-background wp-image-55\" alt=\"\" src=\"https:\/\/atoutdiagexpertise.com\/wp-content\/uploads\/2024\/06\/diag-gaz.png\" data-object-fit=\"cover\" srcset=\"https:\/\/atoutdiagexpertise.com\/wp-content\/uploads\/2024\/06\/diag-gaz.png 601w, https:\/\/atoutdiagexpertise.com\/wp-content\/uploads\/2024\/06\/diag-gaz-300x215.png 300w\" sizes=\"(max-width: 601px) 100vw, 601px\" \/><div class=\"wp-block-cover__inner-container is-layout-flow wp-block-cover-is-layout-flow\">\n<p class=\"has-text-align-center has-large-font-size\"><\/p>\n<\/div><\/div>\n\n\n\n<div style=\"height:40px\" aria-hidden=\"true\" class=\"wp-block-spacer\"><\/div>\n\n\n\n<figure class=\"wp-block-image size-large\"><img decoding=\"async\" width=\"1024\" height=\"146\" src=\"https:\/\/atoutdiagexpertise.com\/wp-content\/uploads\/2024\/06\/Duree-de-validite-diag-gaz-1024x146.png\" alt=\"\" class=\"wp-image-86\" srcset=\"https:\/\/atoutdiagexpertise.com\/wp-content\/uploads\/2024\/06\/Duree-de-validite-diag-gaz-1024x146.png 1024w, https:\/\/atoutdiagexpertise.com\/wp-content\/uploads\/2024\/06\/Duree-de-validite-diag-gaz-300x43.png 300w, https:\/\/atoutdiagexpertise.com\/wp-content\/uploads\/2024\/06\/Duree-de-validite-diag-gaz-768x110.png 768w, https:\/\/atoutdiagexpertise.com\/wp-content\/uploads\/2024\/06\/Duree-de-validite-diag-gaz.png 1051w\" sizes=\"(max-width: 1024px) 100vw, 1024px\" \/><\/figure>\n\n\n\n<div class=\"wp-block-cover is-light\" style=\"min-height:300px;aspect-ratio:unset;\"><span aria-hidden=\"true\" class=\"wp-block-cover__background has-nv-site-bg-background-color has-background-dim-100 has-background-dim\"><\/span><div class=\"wp-block-cover__inner-container is-layout-flow wp-block-cover-is-layout-flow\">\n<div class=\"wp-block-columns is-layout-flex wp-container-core-columns-is-layout-9d6595d7 wp-block-columns-is-layout-flex\">\n<div class=\"wp-block-column is-layout-flow wp-block-column-is-layout-flow\">\n<p class=\"has-text-align-left has-neve-text-color-color has-text-color has-normal-font-size\">Sriracha mi artisan farm-to-table bushwick health goth, fixie palo santo adaptogen. Affogato kale chips butcher shoreditch gastropub palo santo. Sartorial selvage sriracha polaroid forage umami. Sriracha locavore poke occupy, post-ironic quinoa live-edge chartreuse shabby chic ugh williamsburg cray everyday carry franzen la croix. <\/p>\n<\/div>\n\n\n\n<div class=\"wp-block-column is-layout-flow wp-block-column-is-layout-flow\">\n<p class=\"has-neve-text-color-color has-text-color\">charcoal bottle listicle cred portland lomo, bicycle rights unicorn swag truffaut cold-pressed squid cloud bread quinoa. Activated charcoal keffiyeh sriracha lumberseual, poke meggings hashtag synth direct trade. Single-origin coffee skateboard literally occupy sema gochujang swag authentic bit bespoke.<\/p>\n<\/div>\n<\/div>\n\n\n\n<p class=\"has-text-align-center has-large-font-size\"><\/p>\n<\/div><\/div>\n\n\n\n<figure class=\"wp-block-pullquote is-style-default has-border-color has-text-color\" style=\"border-color:var(--nv-light-bg);color:#000000\"><blockquote><p>Chicharrones vinyl woke authentic vegan cred irony readymade skateboard flannel. Tumeric swag iceland pop-up yr butcher, coloring book.<\/p><cite>John Stones<\/cite><\/blockquote><\/figure>\n","protected":false},"excerpt":{"rendered":"<p>Diagnostic GAZ L&rsquo;\u00e9tat de l&rsquo;installation int\u00e9rieure de gaz, aussi appel\u00e9&nbsp;diagnostic gaz, est un diagnostic qui donne un aper\u00e7u de la s\u00e9curit\u00e9 des installations de gaz dans les logements. Votre logement est concern\u00e9 si l&rsquo;installation de gaz a plus de 15 ans. Le diagnostic doit \u00eatre int\u00e9gr\u00e9 au dossier de diagnostic technique (DDT). Le DDT doit [&hellip;]<\/p>\n","protected":false},"author":1,"featured_media":0,"parent":0,"menu_order":0,"comment_status":"closed","ping_status":"closed","template":"","meta":{"_kadence_starter_templates_imported_post":false,"_ti_tpc_template_sync":false,"_ti_tpc_template_id":"","footnotes":""},"class_list":["post-54","page","type-page","status-publish","hentry","entry"],"_links":{"self":[{"href":"https:\/\/atoutdiagexpertise.com\/index.php\/wp-json\/wp\/v2\/pages\/54","targetHints":{"allow":["GET"]}}],"collection":[{"href":"https:\/\/atoutdiagexpertise.com\/index.php\/wp-json\/wp\/v2\/pages"}],"about":[{"href":"https:\/\/atoutdiagexpertise.com\/index.php\/wp-json\/wp\/v2\/types\/page"}],"author":[{"embeddable":true,"href":"https:\/\/atoutdiagexpertise.com\/index.php\/wp-json\/wp\/v2\/users\/1"}],"replies":[{"embeddable":true,"href":"https:\/\/atoutdiagexpertise.com\/index.php\/wp-json\/wp\/v2\/comments?post=54"}],"version-history":[{"count":3,"href":"https:\/\/atoutdiagexpertise.com\/index.php\/wp-json\/wp\/v2\/pages\/54\/revisions"}],"predecessor-version":[{"id":88,"href":"https:\/\/atoutdiagexpertise.com\/index.php\/wp-json\/wp\/v2\/pages\/54\/revisions\/88"}],"wp:attachment":[{"href":"https:\/\/atoutdiagexpertise.com\/index.php\/wp-json\/wp\/v2\/media?parent=54"}],"curies":[{"name":"wp","href":"https:\/\/api.w.org\/{rel}","templated":true}]}}